{"id":90,"date":"2018-08-01T08:47:30","date_gmt":"2018-08-01T06:47:30","guid":{"rendered":"http:\/\/laiusepk.edu.ee\/?page_id=90"},"modified":"2020-10-23T08:22:36","modified_gmt":"2020-10-23T06:22:36","slug":"laiuse-jaan-poska-pohikooli-pohimaarus","status":"publish","type":"page","link":"https:\/\/laiusepk.edu.ee\/?page_id=90","title":{"rendered":"Laiuse Jaan Poska P\u00f5hikooli p\u00f5him\u00e4\u00e4rus"},"content":{"rendered":"\r\n<p class=\"wp-block-paragraph\"><strong><span style=\"font-family: 'times new roman', times, serif; font-size: 12pt;\"><a href=\"https:\/\/laiusepk.edu.ee\/wp-content\/uploads\/2020\/10\/Laiuse_Jaan_Poska_Pohikooli_pohimaarus.pdf\">Laiuse Jaan Poska P\u00f5hikooli p\u00f5him\u00e4\u00e4rus<\/a><\/span><\/strong><\/p>\r\n","protected":false},"excerpt":{"rendered":"<p>Laiuse Jaan Poska P\u00f5hikooli p\u00f5him\u00e4\u00e4rus<\/p>\n","protected":false},"author":1,"featured_media":0,"parent":65,"menu_order":0,"comment_status":"closed","ping_status":"closed","template":"","meta":{"_crdt_document":"","_uag_custom_page_level_css":"","footnotes":""},"class_list":["post-90","page","type-page","status-publish","hentry"],"uagb_featured_image_src":{"full":false,"thumbnail":false,"medium":false,"medium_large":false,"large":false,"1536x1536":false,"2048x2048":false,"post-thumbnail":false},"uagb_author_info":{"display_name":"admin","author_link":"https:\/\/laiusepk.edu.ee\/?author=1"},"uagb_comment_info":0,"uagb_excerpt":"Laiuse Jaan Poska P\u00f5hikooli p\u00f5him\u00e4\u00e4rus","_links":{"self":[{"href":"https:\/\/laiusepk.edu.ee\/index.php?rest_route=\/wp\/v2\/pages\/90","targetHints":{"allow":["GET"]}}],"collection":[{"href":"https:\/\/laiusepk.edu.ee\/index.php?rest_route=\/wp\/v2\/pages"}],"about":[{"href":"https:\/\/laiusepk.edu.ee\/index.php?rest_route=\/wp\/v2\/types\/page"}],"author":[{"embeddable":true,"href":"https:\/\/laiusepk.edu.ee\/index.php?rest_route=\/wp\/v2\/users\/1"}],"replies":[{"embeddable":true,"href":"https:\/\/laiusepk.edu.ee\/index.php?rest_route=%2Fwp%2Fv2%2Fcomments&post=90"}],"version-history":[{"count":4,"href":"https:\/\/laiusepk.edu.ee\/index.php?rest_route=\/wp\/v2\/pages\/90\/revisions"}],"predecessor-version":[{"id":1312,"href":"https:\/\/laiusepk.edu.ee\/index.php?rest_route=\/wp\/v2\/pages\/90\/revisions\/1312"}],"up":[{"embeddable":true,"href":"https:\/\/laiusepk.edu.ee\/index.php?rest_route=\/wp\/v2\/pages\/65"}],"wp:attachment":[{"href":"https:\/\/laiusepk.edu.ee\/index.php?rest_route=%2Fwp%2Fv2%2Fmedia&parent=90"}],"curies":[{"name":"wp","href":"https:\/\/api.w.org\/{rel}","templated":true}]}}