{"id":707,"date":"2019-02-05T09:43:42","date_gmt":"2019-02-05T07:43:42","guid":{"rendered":"http:\/\/laiusepk.edu.ee\/?page_id=707"},"modified":"2019-02-05T09:43:42","modified_gmt":"2019-02-05T07:43:42","slug":"turvalise-interneti-paev","status":"publish","type":"page","link":"https:\/\/laiusepk.edu.ee\/?page_id=707","title":{"rendered":"Turvalise interneti p\u00e4ev"},"content":{"rendered":"\n<p class=\"wp-block-paragraph\"><a href=\"https:\/\/video.just.ee\/paastaliisaid\/html\/\">P\u00e4\u00e4sta Liisa ID<\/a><\/p>\n\n\n\n<p class=\"wp-block-paragraph\"><a href=\"http:\/\/www.pariseltkavoi.ee\/noortele\/kui-tark-sa-oled\">P\u00e4riselt ka v\u00f5i?<\/a><\/p>\n\n\n\n<p class=\"wp-block-paragraph\"><a href=\"http:\/\/equizshow.com\/play\/17266\">Kuldvillak<\/a><\/p>\n\n\n\n<p class=\"wp-block-paragraph\"><a href=\"https:\/\/learningapps.org\/830645\">Turvaline veebik\u00e4itumine<\/a><\/p>\n\n\n\n<p class=\"wp-block-paragraph\"><a href=\"https:\/\/learningapps.org\/1178107\">E-ohutus<\/a><\/p>\n\n\n\n<p class=\"wp-block-paragraph\"><a href=\"https:\/\/learningapps.org\/1290614\">Internetiohutus<\/a><\/p>\n\n\n\n<p class=\"wp-block-paragraph\"><\/p>\n","protected":false},"excerpt":{"rendered":"<p>P\u00e4\u00e4sta Liisa ID P\u00e4riselt ka v\u00f5i? Kuldvillak Turvaline veebik\u00e4itumine E-ohutus Internetiohutus<\/p>\n","protected":false},"author":1,"featured_media":0,"parent":0,"menu_order":0,"comment_status":"closed","ping_status":"closed","template":"","meta":{"_crdt_document":"","_uag_custom_page_level_css":"","footnotes":""},"class_list":["post-707","page","type-page","status-publish","hentry"],"uagb_featured_image_src":{"full":false,"thumbnail":false,"medium":false,"medium_large":false,"large":false,"1536x1536":false,"2048x2048":false,"post-thumbnail":false},"uagb_author_info":{"display_name":"admin","author_link":"https:\/\/laiusepk.edu.ee\/?author=1"},"uagb_comment_info":0,"uagb_excerpt":"P\u00e4\u00e4sta Liisa ID P\u00e4riselt ka v\u00f5i? Kuldvillak Turvaline veebik\u00e4itumine E-ohutus Internetiohutus","_links":{"self":[{"href":"https:\/\/laiusepk.edu.ee\/index.php?rest_route=\/wp\/v2\/pages\/707","targetHints":{"allow":["GET"]}}],"collection":[{"href":"https:\/\/laiusepk.edu.ee\/index.php?rest_route=\/wp\/v2\/pages"}],"about":[{"href":"https:\/\/laiusepk.edu.ee\/index.php?rest_route=\/wp\/v2\/types\/page"}],"author":[{"embeddable":true,"href":"https:\/\/laiusepk.edu.ee\/index.php?rest_route=\/wp\/v2\/users\/1"}],"replies":[{"embeddable":true,"href":"https:\/\/laiusepk.edu.ee\/index.php?rest_route=%2Fwp%2Fv2%2Fcomments&post=707"}],"version-history":[{"count":1,"href":"https:\/\/laiusepk.edu.ee\/index.php?rest_route=\/wp\/v2\/pages\/707\/revisions"}],"predecessor-version":[{"id":708,"href":"https:\/\/laiusepk.edu.ee\/index.php?rest_route=\/wp\/v2\/pages\/707\/revisions\/708"}],"wp:attachment":[{"href":"https:\/\/laiusepk.edu.ee\/index.php?rest_route=%2Fwp%2Fv2%2Fmedia&parent=707"}],"curies":[{"name":"wp","href":"https:\/\/api.w.org\/{rel}","templated":true}]}}