{"id":647,"date":"2019-01-15T13:04:28","date_gmt":"2019-01-15T11:04:28","guid":{"rendered":"http:\/\/laiusepk.edu.ee\/?page_id=647"},"modified":"2019-01-15T13:04:28","modified_gmt":"2019-01-15T11:04:28","slug":"1946-a","status":"publish","type":"page","link":"https:\/\/laiusepk.edu.ee\/?page_id=647","title":{"rendered":"1946. a."},"content":{"rendered":"\n<ol class=\"wp-block-list\"><li>J\u00dcRGENSTEIN, VAIKE<\/li><li>KRIIS, VALVE<\/li><li>MARTINSON, VAIKE<\/li><li>MEEDLA, ELLEN<\/li><li>MILLER, \u00dcLO<\/li><li>OLGO, UNO<\/li><li>P\u00c4RG, \u00d5IE<\/li><li>P\u00c4\u00c4RO, ELIONORE<\/li><li>P\u00c4\u00c4RO, LINDA<\/li><li>SAAR, HELGA<\/li><li>SAAR, HELGI<\/li><li>SAAR, ILMAR<\/li><li>TARMA, LYDIA<\/li><\/ol>\n\n\n\n<p class=\"wp-block-paragraph\">&nbsp;<strong>KL. JUH. LEIDA P\u00dcGI<\/strong><\/p>\n","protected":false},"excerpt":{"rendered":"<p>J\u00dcRGENSTEIN, VAIKE KRIIS, VALVE MARTINSON, VAIKE MEEDLA, ELLEN MILLER, \u00dcLO OLGO, UNO P\u00c4RG, \u00d5IE P\u00c4\u00c4RO, ELIONORE P\u00c4\u00c4RO, LINDA SAAR, HELGA SAAR, HELGI SAAR, ILMAR TARMA, LYDIA &nbsp;KL. JUH. LEIDA P\u00dcGI<\/p>\n","protected":false},"author":1,"featured_media":0,"parent":0,"menu_order":0,"comment_status":"closed","ping_status":"closed","template":"","meta":{"_crdt_document":"","_uag_custom_page_level_css":"","footnotes":""},"class_list":["post-647","page","type-page","status-publish","hentry"],"uagb_featured_image_src":{"full":false,"thumbnail":false,"medium":false,"medium_large":false,"large":false,"1536x1536":false,"2048x2048":false,"post-thumbnail":false},"uagb_author_info":{"display_name":"admin","author_link":"https:\/\/laiusepk.edu.ee\/?author=1"},"uagb_comment_info":0,"uagb_excerpt":"J\u00dcRGENSTEIN, VAIKE KRIIS, VALVE MARTINSON, VAIKE MEEDLA, ELLEN MILLER, \u00dcLO OLGO, UNO P\u00c4RG, \u00d5IE P\u00c4\u00c4RO, ELIONORE P\u00c4\u00c4RO, LINDA SAAR, HELGA SAAR, HELGI SAAR, ILMAR TARMA, LYDIA &nbsp;KL. JUH. LEIDA P\u00dcGI","_links":{"self":[{"href":"https:\/\/laiusepk.edu.ee\/index.php?rest_route=\/wp\/v2\/pages\/647","targetHints":{"allow":["GET"]}}],"collection":[{"href":"https:\/\/laiusepk.edu.ee\/index.php?rest_route=\/wp\/v2\/pages"}],"about":[{"href":"https:\/\/laiusepk.edu.ee\/index.php?rest_route=\/wp\/v2\/types\/page"}],"author":[{"embeddable":true,"href":"https:\/\/laiusepk.edu.ee\/index.php?rest_route=\/wp\/v2\/users\/1"}],"replies":[{"embeddable":true,"href":"https:\/\/laiusepk.edu.ee\/index.php?rest_route=%2Fwp%2Fv2%2Fcomments&post=647"}],"version-history":[{"count":1,"href":"https:\/\/laiusepk.edu.ee\/index.php?rest_route=\/wp\/v2\/pages\/647\/revisions"}],"predecessor-version":[{"id":648,"href":"https:\/\/laiusepk.edu.ee\/index.php?rest_route=\/wp\/v2\/pages\/647\/revisions\/648"}],"wp:attachment":[{"href":"https:\/\/laiusepk.edu.ee\/index.php?rest_route=%2Fwp%2Fv2%2Fmedia&parent=647"}],"curies":[{"name":"wp","href":"https:\/\/api.w.org\/{rel}","templated":true}]}}