{"id":635,"date":"2019-01-15T13:01:25","date_gmt":"2019-01-15T11:01:25","guid":{"rendered":"http:\/\/laiusepk.edu.ee\/?page_id=635"},"modified":"2019-01-15T13:01:25","modified_gmt":"2019-01-15T11:01:25","slug":"1952-a","status":"publish","type":"page","link":"https:\/\/laiusepk.edu.ee\/?page_id=635","title":{"rendered":"1952. a."},"content":{"rendered":"\n<ol class=\"wp-block-list\"><li>BELJONKINA, VEERA<\/li><li>H\u00c4RSING, LUULE<\/li><li>KIRIKAL, JAAK<\/li><li>KOLK, VELLO<\/li><li>KURVITS, ENN<\/li><li>METJER, MARET<\/li><li>MOLODOV, ALEKSANDER<\/li><li>NOOBEL, VALENTINA<\/li><li>NOORM\u00c4GI, UUNO<\/li><li>OLL, MARE<\/li><li>RAAG, EINO<\/li><li>RAAG, J\u00dcRI<\/li><li>ROOS, AILI<\/li><li>SALDU, ARNO<\/li><li>SEIN, IRMA<\/li><li>SIIMANN, V\u00c4INO<\/li><li>SIKK, JAAN<\/li><li>TAVEL, LEHTE-MAI<\/li><li>T\u00d5RUKE, LEMBIT<\/li><li>T\u00d5RUKE, MILVI<\/li><li>VILLMANN, UNO<\/li><\/ol>\n","protected":false},"excerpt":{"rendered":"<p>BELJONKINA, VEERA H\u00c4RSING, LUULE KIRIKAL, JAAK KOLK, VELLO KURVITS, ENN METJER, MARET MOLODOV, ALEKSANDER NOOBEL, VALENTINA NOORM\u00c4GI, UUNO OLL, MARE RAAG, EINO RAAG, J\u00dcRI ROOS, AILI SALDU, ARNO SEIN, IRMA SIIMANN, V\u00c4INO SIKK, JAAN TAVEL, LEHTE-MAI T\u00d5RUKE, LEMBIT T\u00d5RUKE, MILVI VILLMANN, UNO<\/p>\n","protected":false},"author":1,"featured_media":0,"parent":0,"menu_order":0,"comment_status":"closed","ping_status":"closed","template":"","meta":{"_crdt_document":"","_uag_custom_page_level_css":"","footnotes":""},"class_list":["post-635","page","type-page","status-publish","hentry"],"uagb_featured_image_src":{"full":false,"thumbnail":false,"medium":false,"medium_large":false,"large":false,"1536x1536":false,"2048x2048":false,"post-thumbnail":false},"uagb_author_info":{"display_name":"admin","author_link":"https:\/\/laiusepk.edu.ee\/?author=1"},"uagb_comment_info":0,"uagb_excerpt":"BELJONKINA, VEERA H\u00c4RSING, LUULE KIRIKAL, JAAK KOLK, VELLO KURVITS, ENN METJER, MARET MOLODOV, ALEKSANDER NOOBEL, VALENTINA NOORM\u00c4GI, UUNO OLL, MARE RAAG, EINO RAAG, J\u00dcRI ROOS, AILI SALDU, ARNO SEIN, IRMA SIIMANN, V\u00c4INO SIKK, JAAN TAVEL, LEHTE-MAI T\u00d5RUKE, LEMBIT T\u00d5RUKE, MILVI VILLMANN, UNO","_links":{"self":[{"href":"https:\/\/laiusepk.edu.ee\/index.php?rest_route=\/wp\/v2\/pages\/635","targetHints":{"allow":["GET"]}}],"collection":[{"href":"https:\/\/laiusepk.edu.ee\/index.php?rest_route=\/wp\/v2\/pages"}],"about":[{"href":"https:\/\/laiusepk.edu.ee\/index.php?rest_route=\/wp\/v2\/types\/page"}],"author":[{"embeddable":true,"href":"https:\/\/laiusepk.edu.ee\/index.php?rest_route=\/wp\/v2\/users\/1"}],"replies":[{"embeddable":true,"href":"https:\/\/laiusepk.edu.ee\/index.php?rest_route=%2Fwp%2Fv2%2Fcomments&post=635"}],"version-history":[{"count":1,"href":"https:\/\/laiusepk.edu.ee\/index.php?rest_route=\/wp\/v2\/pages\/635\/revisions"}],"predecessor-version":[{"id":636,"href":"https:\/\/laiusepk.edu.ee\/index.php?rest_route=\/wp\/v2\/pages\/635\/revisions\/636"}],"wp:attachment":[{"href":"https:\/\/laiusepk.edu.ee\/index.php?rest_route=%2Fwp%2Fv2%2Fmedia&parent=635"}],"curies":[{"name":"wp","href":"https:\/\/api.w.org\/{rel}","templated":true}]}}