{"id":601,"date":"2019-01-15T12:51:59","date_gmt":"2019-01-15T10:51:59","guid":{"rendered":"http:\/\/laiusepk.edu.ee\/?page_id=601"},"modified":"2019-01-15T12:52:00","modified_gmt":"2019-01-15T10:52:00","slug":"1969-a","status":"publish","type":"page","link":"https:\/\/laiusepk.edu.ee\/?page_id=601","title":{"rendered":"1969. a."},"content":{"rendered":"\n<ol class=\"wp-block-list\"><li>ARUTEE, ERNA<\/li><li>EIN, IVAR<\/li><li>ELLISSON, IGOR<\/li><li>KOPPEL, LIILIA<\/li><li>KORTS-P\u00c4RN, MALL<\/li><li>LEPIK, HELDUR<\/li><li>LIIV, REET<\/li><li>LILLEM\u00c4E, AVO<\/li><li>LILLEP\u00d5LD, URMI<\/li><li>MALM, MART<\/li><li>NOORM\u00c4GI, ANNE<\/li><li>NOORM\u00c4GI, LEHTE<\/li><li>PROMEN, BERTHA<\/li><li>REINUM\u00c4GI, JAAN<\/li><li>REPPO, VIRVE<\/li><li>ROMANOVIT\u0160, LUI<\/li><li>ROOS, SIRJE<\/li><li>SAAR, TIINA<\/li><li>SAAR, TIIT<\/li><li>SAAR, URMAS<\/li><li>VAHUR, TOOMAS<\/li><li>VERBINA, IRINA<\/li><\/ol>\n\n\n\n<p class=\"wp-block-paragraph\"><strong>KL. JUH. KARL TIIDENBERG<\/strong><\/p>\n","protected":false},"excerpt":{"rendered":"<p>ARUTEE, ERNA EIN, IVAR ELLISSON, IGOR KOPPEL, LIILIA KORTS-P\u00c4RN, MALL LEPIK, HELDUR LIIV, REET LILLEM\u00c4E, AVO LILLEP\u00d5LD, URMI MALM, MART NOORM\u00c4GI, ANNE NOORM\u00c4GI, LEHTE PROMEN, BERTHA REINUM\u00c4GI, JAAN REPPO, VIRVE ROMANOVIT\u0160, LUI ROOS, SIRJE SAAR, TIINA SAAR, TIIT SAAR, URMAS VAHUR, TOOMAS VERBINA, IRINA KL. JUH. KARL TIIDENBERG<\/p>\n","protected":false},"author":1,"featured_media":0,"parent":0,"menu_order":0,"comment_status":"closed","ping_status":"closed","template":"","meta":{"_crdt_document":"","_uag_custom_page_level_css":"","footnotes":""},"class_list":["post-601","page","type-page","status-publish","hentry"],"uagb_featured_image_src":{"full":false,"thumbnail":false,"medium":false,"medium_large":false,"large":false,"1536x1536":false,"2048x2048":false,"post-thumbnail":false},"uagb_author_info":{"display_name":"admin","author_link":"https:\/\/laiusepk.edu.ee\/?author=1"},"uagb_comment_info":0,"uagb_excerpt":"ARUTEE, ERNA EIN, IVAR ELLISSON, IGOR KOPPEL, LIILIA KORTS-P\u00c4RN, MALL LEPIK, HELDUR LIIV, REET LILLEM\u00c4E, AVO LILLEP\u00d5LD, URMI MALM, MART NOORM\u00c4GI, ANNE NOORM\u00c4GI, LEHTE PROMEN, BERTHA REINUM\u00c4GI, JAAN REPPO, VIRVE ROMANOVIT\u0160, LUI ROOS, SIRJE SAAR, TIINA SAAR, TIIT SAAR, URMAS VAHUR, TOOMAS VERBINA, IRINA KL. JUH. KARL TIIDENBERG","_links":{"self":[{"href":"https:\/\/laiusepk.edu.ee\/index.php?rest_route=\/wp\/v2\/pages\/601","targetHints":{"allow":["GET"]}}],"collection":[{"href":"https:\/\/laiusepk.edu.ee\/index.php?rest_route=\/wp\/v2\/pages"}],"about":[{"href":"https:\/\/laiusepk.edu.ee\/index.php?rest_route=\/wp\/v2\/types\/page"}],"author":[{"embeddable":true,"href":"https:\/\/laiusepk.edu.ee\/index.php?rest_route=\/wp\/v2\/users\/1"}],"replies":[{"embeddable":true,"href":"https:\/\/laiusepk.edu.ee\/index.php?rest_route=%2Fwp%2Fv2%2Fcomments&post=601"}],"version-history":[{"count":1,"href":"https:\/\/laiusepk.edu.ee\/index.php?rest_route=\/wp\/v2\/pages\/601\/revisions"}],"predecessor-version":[{"id":602,"href":"https:\/\/laiusepk.edu.ee\/index.php?rest_route=\/wp\/v2\/pages\/601\/revisions\/602"}],"wp:attachment":[{"href":"https:\/\/laiusepk.edu.ee\/index.php?rest_route=%2Fwp%2Fv2%2Fmedia&parent=601"}],"curies":[{"name":"wp","href":"https:\/\/api.w.org\/{rel}","templated":true}]}}