{"id":501,"date":"2019-01-15T09:26:57","date_gmt":"2019-01-15T07:26:57","guid":{"rendered":"http:\/\/laiusepk.edu.ee\/?page_id=501"},"modified":"2019-01-15T09:26:57","modified_gmt":"2019-01-15T07:26:57","slug":"1990-a","status":"publish","type":"page","link":"https:\/\/laiusepk.edu.ee\/?page_id=501","title":{"rendered":"1990 a."},"content":{"rendered":"\n<ol class=\"wp-block-list\"><li>J\u00d5ESAAR, MARGUS<\/li><li>KALM, GERLI<\/li><li>LEITEN, EHA<\/li><li>LEITEN, REET<\/li><li>MIIL, MARJE<\/li><li>OKS, ANDRUS<\/li><li>PERK, HARDI<\/li><li>POLTRAGO, EVE<\/li><li>P\u00c4RTIN, PRIIT<\/li><li>SAAR, EVART<\/li><li>STAMM, REET<\/li><li>TABERLAND, KUNO<\/li><\/ol>\n\n\n\n<p class=\"wp-block-paragraph\"><strong>KL. JUH. K\u00dcLLI SOLVAK<\/strong>&nbsp;&nbsp;<\/p>\n","protected":false},"excerpt":{"rendered":"<p>J\u00d5ESAAR, MARGUS KALM, GERLI LEITEN, EHA LEITEN, REET MIIL, MARJE OKS, ANDRUS PERK, HARDI POLTRAGO, EVE P\u00c4RTIN, PRIIT SAAR, EVART STAMM, REET TABERLAND, KUNO KL. JUH. K\u00dcLLI SOLVAK&nbsp;&nbsp;<\/p>\n","protected":false},"author":1,"featured_media":0,"parent":0,"menu_order":0,"comment_status":"closed","ping_status":"closed","template":"","meta":{"_crdt_document":"","_uag_custom_page_level_css":"","footnotes":""},"class_list":["post-501","page","type-page","status-publish","hentry"],"uagb_featured_image_src":{"full":false,"thumbnail":false,"medium":false,"medium_large":false,"large":false,"1536x1536":false,"2048x2048":false,"post-thumbnail":false},"uagb_author_info":{"display_name":"admin","author_link":"https:\/\/laiusepk.edu.ee\/?author=1"},"uagb_comment_info":0,"uagb_excerpt":"J\u00d5ESAAR, MARGUS KALM, GERLI LEITEN, EHA LEITEN, REET MIIL, MARJE OKS, ANDRUS PERK, HARDI POLTRAGO, EVE P\u00c4RTIN, PRIIT SAAR, EVART STAMM, REET TABERLAND, KUNO KL. JUH. K\u00dcLLI SOLVAK&nbsp;&nbsp;","_links":{"self":[{"href":"https:\/\/laiusepk.edu.ee\/index.php?rest_route=\/wp\/v2\/pages\/501","targetHints":{"allow":["GET"]}}],"collection":[{"href":"https:\/\/laiusepk.edu.ee\/index.php?rest_route=\/wp\/v2\/pages"}],"about":[{"href":"https:\/\/laiusepk.edu.ee\/index.php?rest_route=\/wp\/v2\/types\/page"}],"author":[{"embeddable":true,"href":"https:\/\/laiusepk.edu.ee\/index.php?rest_route=\/wp\/v2\/users\/1"}],"replies":[{"embeddable":true,"href":"https:\/\/laiusepk.edu.ee\/index.php?rest_route=%2Fwp%2Fv2%2Fcomments&post=501"}],"version-history":[{"count":1,"href":"https:\/\/laiusepk.edu.ee\/index.php?rest_route=\/wp\/v2\/pages\/501\/revisions"}],"predecessor-version":[{"id":502,"href":"https:\/\/laiusepk.edu.ee\/index.php?rest_route=\/wp\/v2\/pages\/501\/revisions\/502"}],"wp:attachment":[{"href":"https:\/\/laiusepk.edu.ee\/index.php?rest_route=%2Fwp%2Fv2%2Fmedia&parent=501"}],"curies":[{"name":"wp","href":"https:\/\/api.w.org\/{rel}","templated":true}]}}