{"id":473,"date":"2019-01-15T09:11:30","date_gmt":"2019-01-15T07:11:30","guid":{"rendered":"http:\/\/laiusepk.edu.ee\/?page_id=473"},"modified":"2019-01-15T09:11:30","modified_gmt":"2019-01-15T07:11:30","slug":"2003-a","status":"publish","type":"page","link":"https:\/\/laiusepk.edu.ee\/?page_id=473","title":{"rendered":"2003 a."},"content":{"rendered":"\n<ol class=\"wp-block-list\"><li>ALAND, AIKI<\/li><li>ERIKSON, ERKI<\/li><li>HUNT, MERLE<\/li><li>J\u00dcRISOO, KRISTIINA<\/li><li>KAMPUS, KALMER<\/li><li>KIRSPUU, RIINA<\/li><li>LEPIST, KRISTIINA<\/li><li>M\u00c4GI, KRISTI<\/li><li>M\u00c4GI, MARIS<\/li><li>OLESK, RAINER<\/li><li>PEETS, PILVI<\/li><li>PEETS, TALVI<\/li><li>RAHN, ROLAND<\/li><li>ROOTS, ANNELI<\/li><li>SAAR, TRIIN<\/li><li>SULG, KRISTJAN<\/li><li>VOOG, RIKO<\/li><\/ol>\n\n\n\n<p class=\"wp-block-paragraph\"><strong>KL. JUH. SIIRI RAHN<\/strong>&nbsp;&nbsp;<\/p>\n","protected":false},"excerpt":{"rendered":"<p>ALAND, AIKI ERIKSON, ERKI HUNT, MERLE J\u00dcRISOO, KRISTIINA KAMPUS, KALMER KIRSPUU, RIINA LEPIST, KRISTIINA M\u00c4GI, KRISTI M\u00c4GI, MARIS OLESK, RAINER PEETS, PILVI PEETS, TALVI RAHN, ROLAND ROOTS, ANNELI SAAR, TRIIN SULG, KRISTJAN VOOG, RIKO KL. JUH. SIIRI RAHN&nbsp;&nbsp;<\/p>\n","protected":false},"author":1,"featured_media":0,"parent":0,"menu_order":0,"comment_status":"closed","ping_status":"closed","template":"","meta":{"_crdt_document":"","_uag_custom_page_level_css":"","footnotes":""},"class_list":["post-473","page","type-page","status-publish","hentry"],"uagb_featured_image_src":{"full":false,"thumbnail":false,"medium":false,"medium_large":false,"large":false,"1536x1536":false,"2048x2048":false,"post-thumbnail":false},"uagb_author_info":{"display_name":"admin","author_link":"https:\/\/laiusepk.edu.ee\/?author=1"},"uagb_comment_info":0,"uagb_excerpt":"ALAND, AIKI ERIKSON, ERKI HUNT, MERLE J\u00dcRISOO, KRISTIINA KAMPUS, KALMER KIRSPUU, RIINA LEPIST, KRISTIINA M\u00c4GI, KRISTI M\u00c4GI, MARIS OLESK, RAINER PEETS, PILVI PEETS, TALVI RAHN, ROLAND ROOTS, ANNELI SAAR, TRIIN SULG, KRISTJAN VOOG, RIKO KL. JUH. SIIRI RAHN&nbsp;&nbsp;","_links":{"self":[{"href":"https:\/\/laiusepk.edu.ee\/index.php?rest_route=\/wp\/v2\/pages\/473","targetHints":{"allow":["GET"]}}],"collection":[{"href":"https:\/\/laiusepk.edu.ee\/index.php?rest_route=\/wp\/v2\/pages"}],"about":[{"href":"https:\/\/laiusepk.edu.ee\/index.php?rest_route=\/wp\/v2\/types\/page"}],"author":[{"embeddable":true,"href":"https:\/\/laiusepk.edu.ee\/index.php?rest_route=\/wp\/v2\/users\/1"}],"replies":[{"embeddable":true,"href":"https:\/\/laiusepk.edu.ee\/index.php?rest_route=%2Fwp%2Fv2%2Fcomments&post=473"}],"version-history":[{"count":1,"href":"https:\/\/laiusepk.edu.ee\/index.php?rest_route=\/wp\/v2\/pages\/473\/revisions"}],"predecessor-version":[{"id":474,"href":"https:\/\/laiusepk.edu.ee\/index.php?rest_route=\/wp\/v2\/pages\/473\/revisions\/474"}],"wp:attachment":[{"href":"https:\/\/laiusepk.edu.ee\/index.php?rest_route=%2Fwp%2Fv2%2Fmedia&parent=473"}],"curies":[{"name":"wp","href":"https:\/\/api.w.org\/{rel}","templated":true}]}}