{"id":467,"date":"2019-01-15T09:09:32","date_gmt":"2019-01-15T07:09:32","guid":{"rendered":"http:\/\/laiusepk.edu.ee\/?page_id=467"},"modified":"2019-01-15T09:09:33","modified_gmt":"2019-01-15T07:09:33","slug":"2006-a","status":"publish","type":"page","link":"https:\/\/laiusepk.edu.ee\/?page_id=467","title":{"rendered":"2006 a."},"content":{"rendered":"\n<ol class=\"wp-block-list\"><li>ABEL, IVAR<\/li><li>ARUTEE, IRENE<\/li><li>GAPONT\u0160UK, K\u00c4TLIN<\/li><li>KUSLAP, MINNA<\/li><li>LILLE, PRIIT<\/li><li>MANDRI, ROMET<\/li><li>MUSER, URMAS<\/li><li>M\u00c4GI, KATRIN<\/li><li>PALM, LIINA<\/li><li>P\u00c4RS, MAARJA<\/li><li>RAIDEVERE, HANNA<\/li><li>SAAR, GERTU<\/li><li>UIBOMAA, KRISTEL<\/li><\/ol>\n\n\n\n<p class=\"wp-block-paragraph\"><strong>KL. JUH. Silvi Tanilov<\/strong><\/p>\n","protected":false},"excerpt":{"rendered":"<p>ABEL, IVAR ARUTEE, IRENE GAPONT\u0160UK, K\u00c4TLIN KUSLAP, MINNA LILLE, PRIIT MANDRI, ROMET MUSER, URMAS M\u00c4GI, KATRIN PALM, LIINA P\u00c4RS, MAARJA RAIDEVERE, HANNA SAAR, GERTU UIBOMAA, KRISTEL KL. JUH. Silvi Tanilov<\/p>\n","protected":false},"author":1,"featured_media":0,"parent":0,"menu_order":0,"comment_status":"closed","ping_status":"closed","template":"","meta":{"_crdt_document":"","_uag_custom_page_level_css":"","footnotes":""},"class_list":["post-467","page","type-page","status-publish","hentry"],"uagb_featured_image_src":{"full":false,"thumbnail":false,"medium":false,"medium_large":false,"large":false,"1536x1536":false,"2048x2048":false,"post-thumbnail":false},"uagb_author_info":{"display_name":"admin","author_link":"https:\/\/laiusepk.edu.ee\/?author=1"},"uagb_comment_info":0,"uagb_excerpt":"ABEL, IVAR ARUTEE, IRENE GAPONT\u0160UK, K\u00c4TLIN KUSLAP, MINNA LILLE, PRIIT MANDRI, ROMET MUSER, URMAS M\u00c4GI, KATRIN PALM, LIINA P\u00c4RS, MAARJA RAIDEVERE, HANNA SAAR, GERTU UIBOMAA, KRISTEL KL. JUH. Silvi Tanilov","_links":{"self":[{"href":"https:\/\/laiusepk.edu.ee\/index.php?rest_route=\/wp\/v2\/pages\/467","targetHints":{"allow":["GET"]}}],"collection":[{"href":"https:\/\/laiusepk.edu.ee\/index.php?rest_route=\/wp\/v2\/pages"}],"about":[{"href":"https:\/\/laiusepk.edu.ee\/index.php?rest_route=\/wp\/v2\/types\/page"}],"author":[{"embeddable":true,"href":"https:\/\/laiusepk.edu.ee\/index.php?rest_route=\/wp\/v2\/users\/1"}],"replies":[{"embeddable":true,"href":"https:\/\/laiusepk.edu.ee\/index.php?rest_route=%2Fwp%2Fv2%2Fcomments&post=467"}],"version-history":[{"count":1,"href":"https:\/\/laiusepk.edu.ee\/index.php?rest_route=\/wp\/v2\/pages\/467\/revisions"}],"predecessor-version":[{"id":468,"href":"https:\/\/laiusepk.edu.ee\/index.php?rest_route=\/wp\/v2\/pages\/467\/revisions\/468"}],"wp:attachment":[{"href":"https:\/\/laiusepk.edu.ee\/index.php?rest_route=%2Fwp%2Fv2%2Fmedia&parent=467"}],"curies":[{"name":"wp","href":"https:\/\/api.w.org\/{rel}","templated":true}]}}