{"id":465,"date":"2019-01-15T09:09:03","date_gmt":"2019-01-15T07:09:03","guid":{"rendered":"http:\/\/laiusepk.edu.ee\/?page_id=465"},"modified":"2019-01-15T09:09:03","modified_gmt":"2019-01-15T07:09:03","slug":"2007-a","status":"publish","type":"page","link":"https:\/\/laiusepk.edu.ee\/?page_id=465","title":{"rendered":"2007 a."},"content":{"rendered":"\n<ol class=\"wp-block-list\"><li>BIRK, GERT<\/li><li>J\u00c4RV, PIRET<\/li><li>LINDEPUU, HENRI<\/li><li>MASING, IMRE<\/li><li>M\u00c4GI, ALARI<\/li><li>M\u00c4GI, ALICE<\/li><li>P\u00d5LDKIVI, AIRIKA<\/li><li>P\u00c4RN, ANDRES<\/li><li>P\u00c4RN, MERILIN<\/li><li>P\u00c4RTELPOEG, SIIM<\/li><li>SAAR, KADRI<\/li><li>SCHMIDT, KRISTJAN<\/li><li>TOOTS, MAARJA<\/li><li>VAIKM\u00c4E, KADI<\/li><li>V\u00c4LBE, KRISTI<\/li><li>\u00d5ISPUU, ENELY<\/li><\/ol>\n\n\n\n<p class=\"wp-block-paragraph\"><strong>KL. JUH. EEVI PERK<\/strong>&nbsp;<\/p>\n","protected":false},"excerpt":{"rendered":"<p>BIRK, GERT J\u00c4RV, PIRET LINDEPUU, HENRI MASING, IMRE M\u00c4GI, ALARI M\u00c4GI, ALICE P\u00d5LDKIVI, AIRIKA P\u00c4RN, ANDRES P\u00c4RN, MERILIN P\u00c4RTELPOEG, SIIM SAAR, KADRI SCHMIDT, KRISTJAN TOOTS, MAARJA VAIKM\u00c4E, KADI V\u00c4LBE, KRISTI \u00d5ISPUU, ENELY KL. JUH. EEVI PERK&nbsp;<\/p>\n","protected":false},"author":1,"featured_media":0,"parent":0,"menu_order":0,"comment_status":"closed","ping_status":"closed","template":"","meta":{"_crdt_document":"","_uag_custom_page_level_css":"","footnotes":""},"class_list":["post-465","page","type-page","status-publish","hentry"],"uagb_featured_image_src":{"full":false,"thumbnail":false,"medium":false,"medium_large":false,"large":false,"1536x1536":false,"2048x2048":false,"post-thumbnail":false},"uagb_author_info":{"display_name":"admin","author_link":"https:\/\/laiusepk.edu.ee\/?author=1"},"uagb_comment_info":0,"uagb_excerpt":"BIRK, GERT J\u00c4RV, PIRET LINDEPUU, HENRI MASING, IMRE M\u00c4GI, ALARI M\u00c4GI, ALICE P\u00d5LDKIVI, AIRIKA P\u00c4RN, ANDRES P\u00c4RN, MERILIN P\u00c4RTELPOEG, SIIM SAAR, KADRI SCHMIDT, KRISTJAN TOOTS, MAARJA VAIKM\u00c4E, KADI V\u00c4LBE, KRISTI \u00d5ISPUU, ENELY KL. JUH. EEVI PERK&nbsp;","_links":{"self":[{"href":"https:\/\/laiusepk.edu.ee\/index.php?rest_route=\/wp\/v2\/pages\/465","targetHints":{"allow":["GET"]}}],"collection":[{"href":"https:\/\/laiusepk.edu.ee\/index.php?rest_route=\/wp\/v2\/pages"}],"about":[{"href":"https:\/\/laiusepk.edu.ee\/index.php?rest_route=\/wp\/v2\/types\/page"}],"author":[{"embeddable":true,"href":"https:\/\/laiusepk.edu.ee\/index.php?rest_route=\/wp\/v2\/users\/1"}],"replies":[{"embeddable":true,"href":"https:\/\/laiusepk.edu.ee\/index.php?rest_route=%2Fwp%2Fv2%2Fcomments&post=465"}],"version-history":[{"count":1,"href":"https:\/\/laiusepk.edu.ee\/index.php?rest_route=\/wp\/v2\/pages\/465\/revisions"}],"predecessor-version":[{"id":466,"href":"https:\/\/laiusepk.edu.ee\/index.php?rest_route=\/wp\/v2\/pages\/465\/revisions\/466"}],"wp:attachment":[{"href":"https:\/\/laiusepk.edu.ee\/index.php?rest_route=%2Fwp%2Fv2%2Fmedia&parent=465"}],"curies":[{"name":"wp","href":"https:\/\/api.w.org\/{rel}","templated":true}]}}