{"id":448,"date":"2019-01-15T08:53:16","date_gmt":"2019-01-15T06:53:16","guid":{"rendered":"http:\/\/laiusepk.edu.ee\/?page_id=448"},"modified":"2019-01-15T08:53:43","modified_gmt":"2019-01-15T06:53:43","slug":"2014-a","status":"publish","type":"page","link":"https:\/\/laiusepk.edu.ee\/?page_id=448","title":{"rendered":"2014 a."},"content":{"rendered":"\n<ul class=\"wp-block-list\"><li>Annuk  Kaimo<\/li><li>Ipsberg  Railis<\/li><li>L\u00e4\u00e4ne  Rauno<\/li><li>M\u00e4gi  Kelli-Mai<\/li><li>M\u00e4gi  K\u00fclli-Kai<\/li><li>Palm  Hanna<\/li><li>Perk  Karl<\/li><li>Piir  Kristofer<\/li><li>P\u00e4rtin  Danel<\/li><li>Sults  Martin<\/li><li><strong>Klassijuhataja Siiri Rahn<\/strong><\/li><\/ul>\n","protected":false},"excerpt":{"rendered":"<p>Annuk Kaimo Ipsberg Railis L\u00e4\u00e4ne Rauno M\u00e4gi Kelli-Mai M\u00e4gi K\u00fclli-Kai Palm Hanna Perk Karl Piir Kristofer P\u00e4rtin Danel Sults Martin Klassijuhataja Siiri Rahn<\/p>\n","protected":false},"author":1,"featured_media":0,"parent":0,"menu_order":0,"comment_status":"closed","ping_status":"closed","template":"","meta":{"_crdt_document":"","_uag_custom_page_level_css":"","footnotes":""},"class_list":["post-448","page","type-page","status-publish","hentry"],"uagb_featured_image_src":{"full":false,"thumbnail":false,"medium":false,"medium_large":false,"large":false,"1536x1536":false,"2048x2048":false,"post-thumbnail":false},"uagb_author_info":{"display_name":"admin","author_link":"https:\/\/laiusepk.edu.ee\/?author=1"},"uagb_comment_info":0,"uagb_excerpt":"Annuk Kaimo Ipsberg Railis L\u00e4\u00e4ne Rauno M\u00e4gi Kelli-Mai M\u00e4gi K\u00fclli-Kai Palm Hanna Perk Karl Piir Kristofer P\u00e4rtin Danel Sults Martin Klassijuhataja Siiri Rahn","_links":{"self":[{"href":"https:\/\/laiusepk.edu.ee\/index.php?rest_route=\/wp\/v2\/pages\/448","targetHints":{"allow":["GET"]}}],"collection":[{"href":"https:\/\/laiusepk.edu.ee\/index.php?rest_route=\/wp\/v2\/pages"}],"about":[{"href":"https:\/\/laiusepk.edu.ee\/index.php?rest_route=\/wp\/v2\/types\/page"}],"author":[{"embeddable":true,"href":"https:\/\/laiusepk.edu.ee\/index.php?rest_route=\/wp\/v2\/users\/1"}],"replies":[{"embeddable":true,"href":"https:\/\/laiusepk.edu.ee\/index.php?rest_route=%2Fwp%2Fv2%2Fcomments&post=448"}],"version-history":[{"count":2,"href":"https:\/\/laiusepk.edu.ee\/index.php?rest_route=\/wp\/v2\/pages\/448\/revisions"}],"predecessor-version":[{"id":450,"href":"https:\/\/laiusepk.edu.ee\/index.php?rest_route=\/wp\/v2\/pages\/448\/revisions\/450"}],"wp:attachment":[{"href":"https:\/\/laiusepk.edu.ee\/index.php?rest_route=%2Fwp%2Fv2%2Fmedia&parent=448"}],"curies":[{"name":"wp","href":"https:\/\/api.w.org\/{rel}","templated":true}]}}