{"id":419,"date":"2018-12-04T09:29:59","date_gmt":"2018-12-04T07:29:59","guid":{"rendered":"http:\/\/laiusepk.edu.ee\/?page_id=419"},"modified":"2018-12-04T10:43:07","modified_gmt":"2018-12-04T08:43:07","slug":"word","status":"publish","type":"page","link":"https:\/\/laiusepk.edu.ee\/?page_id=419","title":{"rendered":"Word"},"content":{"rendered":"<p><a href=\"https:\/\/support.microsoft.com\/et-ee\/help\/17073\/windows-using-keyboard\">Klaviatuuri kasutamine<\/a><\/p>\n<p><a href=\"https:\/\/docs.google.com\/document\/d\/1vFsiSPCuHRgVP_4hSz8SmQrZquutcbY1zGfb-Tuu-fQ\/edit\">Wordi tutvustamine<\/a><\/p>\n<p><a href=\"https:\/\/docs.google.com\/document\/d\/1PzZs5qbgHHvN6MxYu4PWV0vvm5VU2u3ZVZEl3_7jPkE\/edit\">Teksti vormindamine<\/a><\/p>\n<p><a href=\"https:\/\/docs.google.com\/document\/d\/15OoGkLephvaTccFtBI6Lpbfovydw_jTX5HEMw61TZo8\/edit\">Vorminda muinasjutt<\/a><\/p>\n<p><a href=\"https:\/\/drive.google.com\/file\/d\/0B-oy-sfUJ_2xTGFscS0zejdKTzg\/view\">Harjutus 1\u00a0<\/a><\/p>\n<p><a href=\"https:\/\/drive.google.com\/file\/d\/0B-oy-sfUJ_2xQXJYcFhGdGhjeE0\/view\">Harjutus 2<\/a><\/p>\n<p><a href=\"https:\/\/lihtnearvuti.weebly.com\/toumlouml-lotildeikudega.html\">T\u00f6\u00f6 l\u00f5ikudega<\/a><\/p>\n<p><a href=\"https:\/\/lihtnearvuti.weebly.com\/piltide-lisamine.html\">Piltide lisamine<\/a><\/p>\n<p><a href=\"https:\/\/lihtnearvuti.weebly.com\/tabelite-lisamine.html\">Tabeli lisamine<\/a><\/p>\n<p><a href=\"https:\/\/docs.google.com\/document\/d\/1PRHAkCmcf8cuOebWhXQ8a_f5jV4A6SL-HMVFyjafUPM\/edit\">\u00dclesanne tabelid ja pildid<\/a><\/p>\n<p>Lehek\u00fclgede uurimine:<\/p>\n<ol>\n<li>Tutvu j\u00e4rgnevate lehek\u00fclgedega p\u00f5hjalikult<\/li>\n<li>Tee dokument enda kausta(tuleta meelde kuidas luua dokumenti, kuhu esmalt salvestada ja kuhu dokumendi valmides see lohistada), kuhu kirjutad v\u00e4hemalt nelja lauselise kokkuv\u00f5tte(enda arvamuse: mida said teada?)\u00a0lehek\u00fclje kohta, mida k\u00fclastad ja uurid.<\/li>\n<\/ol>\n<p>Lehek\u00fcljed, mida pead k\u00fclastama:<\/p>\n<p>(tuleta meelde kuidas luua dokumenti, kuhu esmalt salvestada ja kuhu dokumendi valmides see lohistada)<\/p>\n<ol>\n<li><a href=\"http:\/\/bio.edu.ee\/noor\/\">Noor loodusuurija<\/a><\/li>\n<li><a href=\"http:\/\/www.ampser.ee\/\">Ampser<\/a><\/li>\n<li><a href=\"http:\/\/jalajalg.positium.ee\/\">\u00d6kojalaj\u00e4lje kalkulaator<\/a><\/li>\n<li><a href=\"http:\/\/www.kustuti.ee\/\">Vee- ja tuleohutuseteemaline programm<\/a><\/li>\n<li><a href=\"http:\/\/www.erm.ee\/et\/Opi\/Mangud\">Eesti Rahva Muuseum m\u00e4ngud<\/a><\/li>\n<\/ol>\n<p>Vaata seda lehek\u00fclge &#8220;Targalt internetis&#8221; ja p\u00fc\u00fca koos s\u00f5braga (paaris) m\u00f5tiskleda, mis on \u00f5ige vastus k\u00fcsimusele. Vastused vormistage allpooltoodud lehek\u00fcljele:<br \/>\n<a href=\"http:\/\/lihtnearvuti.weebly.com\/uploads\/5\/1\/1\/3\/51134797\/harjutus_3.2.pdf\" target=\"_blank\" rel=\"noopener\">Targalt internetis<\/a><\/p>\n<p>&nbsp;<\/p>\n","protected":false},"excerpt":{"rendered":"<p>Klaviatuuri kasutamine Wordi tutvustamine Teksti vormindamine Vorminda muinasjutt Harjutus 1\u00a0 Harjutus 2 T\u00f6\u00f6 l\u00f5ikudega Piltide lisamine Tabeli lisamine \u00dclesanne tabelid ja pildid Lehek\u00fclgede uurimine: Tutvu j\u00e4rgnevate lehek\u00fclgedega p\u00f5hjalikult Tee dokument enda kausta(tuleta meelde kuidas luua dokumenti, kuhu esmalt salvestada ja kuhu dokumendi valmides see lohistada), kuhu kirjutad v\u00e4hemalt nelja lauselise kokkuv\u00f5tte(enda arvamuse: mida said teada?)\u00a0lehek\u00fclje&hellip;<\/p>\n","protected":false},"author":1,"featured_media":0,"parent":0,"menu_order":0,"comment_status":"closed","ping_status":"closed","template":"","meta":{"_crdt_document":"","_uag_custom_page_level_css":"","footnotes":""},"class_list":["post-419","page","type-page","status-publish","hentry"],"uagb_featured_image_src":{"full":false,"thumbnail":false,"medium":false,"medium_large":false,"large":false,"1536x1536":false,"2048x2048":false,"post-thumbnail":false},"uagb_author_info":{"display_name":"admin","author_link":"https:\/\/laiusepk.edu.ee\/?author=1"},"uagb_comment_info":0,"uagb_excerpt":"Klaviatuuri kasutamine Wordi tutvustamine Teksti vormindamine Vorminda muinasjutt Harjutus 1\u00a0 Harjutus 2 T\u00f6\u00f6 l\u00f5ikudega Piltide lisamine Tabeli lisamine \u00dclesanne tabelid ja pildid Lehek\u00fclgede uurimine: Tutvu j\u00e4rgnevate lehek\u00fclgedega p\u00f5hjalikult Tee dokument enda kausta(tuleta meelde kuidas luua dokumenti, kuhu esmalt salvestada ja kuhu dokumendi valmides see lohistada), kuhu kirjutad v\u00e4hemalt nelja lauselise kokkuv\u00f5tte(enda arvamuse: mida said teada?)\u00a0lehek\u00fclje&hellip;","_links":{"self":[{"href":"https:\/\/laiusepk.edu.ee\/index.php?rest_route=\/wp\/v2\/pages\/419","targetHints":{"allow":["GET"]}}],"collection":[{"href":"https:\/\/laiusepk.edu.ee\/index.php?rest_route=\/wp\/v2\/pages"}],"about":[{"href":"https:\/\/laiusepk.edu.ee\/index.php?rest_route=\/wp\/v2\/types\/page"}],"author":[{"embeddable":true,"href":"https:\/\/laiusepk.edu.ee\/index.php?rest_route=\/wp\/v2\/users\/1"}],"replies":[{"embeddable":true,"href":"https:\/\/laiusepk.edu.ee\/index.php?rest_route=%2Fwp%2Fv2%2Fcomments&post=419"}],"version-history":[{"count":7,"href":"https:\/\/laiusepk.edu.ee\/index.php?rest_route=\/wp\/v2\/pages\/419\/revisions"}],"predecessor-version":[{"id":428,"href":"https:\/\/laiusepk.edu.ee\/index.php?rest_route=\/wp\/v2\/pages\/419\/revisions\/428"}],"wp:attachment":[{"href":"https:\/\/laiusepk.edu.ee\/index.php?rest_route=%2Fwp%2Fv2%2Fmedia&parent=419"}],"curies":[{"name":"wp","href":"https:\/\/api.w.org\/{rel}","templated":true}]}}