{"id":2681,"date":"2024-11-11T09:44:00","date_gmt":"2024-11-11T07:44:00","guid":{"rendered":"https:\/\/laiusepk.edu.ee\/?page_id=2681"},"modified":"2025-10-28T09:07:50","modified_gmt":"2025-10-28T07:07:50","slug":"tehnoloogia","status":"publish","type":"page","link":"https:\/\/laiusepk.edu.ee\/?page_id=2681","title":{"rendered":"Tehnoloogia"},"content":{"rendered":"<p><span style=\"font-family: 'times new roman', times, serif; font-size: 12pt;\"><a href=\"https:\/\/laiusepk.edu.ee\/wp-content\/uploads\/2024\/11\/TehnoloogiavaldkonnaUldosa.pdf\">Tehnoloogiavaldkonna \u00fcldosa<\/a><\/span><\/p>\n<p><a href=\"https:\/\/laiusepk.edu.ee\/wp-content\/uploads\/2025\/01\/Tooopetusoppeainekirjeldus.pdf\"><span style=\"font-family: 'times new roman', times, serif; font-size: 12pt;\">T\u00f6\u00f6\u00f5petuse \u00f5ppeaine kirjeldus<\/span><\/a><\/p>\n<p><a href=\"https:\/\/laiusepk.edu.ee\/wp-content\/uploads\/2025\/10\/1.-kl-tooopetuse-ainekava-2024.pdf\"><span style=\"font-family: 'times new roman', times, serif; font-size: 12pt;\">T\u00f6\u00f6\u00f5petus 1.klass<\/span><\/a><\/p>\n<p><a href=\"https:\/\/laiusepk.edu.ee\/wp-content\/uploads\/2025\/10\/2.-kl-tooopetuse-ainekava-2024.pdf\"><span style=\"font-family: 'times new roman', times, serif; font-size: 12pt;\">T\u00f6\u00f6\u00f5petus 2.klass<\/span><\/a><\/p>\n<p><a href=\"https:\/\/laiusepk.edu.ee\/wp-content\/uploads\/2025\/10\/3.-kl-tooopetuse-ainekava-2024.pdf\"><span style=\"font-family: 'times new roman', times, serif; font-size: 12pt;\">T\u00f6\u00f6\u00f5petus 3.klass<\/span><\/a><\/p>\n<p><a href=\"https:\/\/laiusepk.edu.ee\/wp-content\/uploads\/2025\/01\/TooopetuseIkooliastmeopitulemused.pdf\"><span style=\"font-family: 'times new roman', times, serif; font-size: 12pt;\">T\u00f6\u00f6\u00f5petuse I kooliastme \u00f5pitulemused<\/span><\/a><\/p>\n<p><a href=\"https:\/\/laiusepk.edu.ee\/wp-content\/uploads\/2025\/01\/Kasitoojakodundusoppeainekirjeldus.pdf\"><span style=\"font-family: 'times new roman', times, serif; font-size: 12pt;\">K\u00e4sit\u00f6\u00f6 ja kodunduse \u00f5ppeaine kirjeldus<\/span><\/a><\/p>\n<p><a href=\"https:\/\/laiusepk.edu.ee\/wp-content\/uploads\/2025\/01\/Kasitooja-kodundus4.pdf\"><span style=\"font-family: 'times new roman', times, serif; font-size: 12pt;\">K\u00e4sit\u00f6\u00f6 ja kodundus 4.klass<\/span><\/a><\/p>\n<p><span style=\"font-family: 'times new roman', times, serif; font-size: 12pt;\"><a href=\"https:\/\/laiusepk.edu.ee\/wp-content\/uploads\/2025\/01\/Kasitooja-kodundus5.pdf\">K\u00e4sit\u00f6\u00f6 ja kodundus 5.klass<\/a><\/span><\/p>\n<p><span style=\"font-family: 'times new roman', times, serif; font-size: 12pt;\"><a href=\"https:\/\/laiusepk.edu.ee\/wp-content\/uploads\/2025\/01\/Kasitooja-kodundus6.pdf\">K\u00e4sit\u00f6\u00f6 ja kodundus 6.klass<\/a><\/span><\/p>\n<p><a href=\"https:\/\/laiusepk.edu.ee\/wp-content\/uploads\/2025\/01\/Kasitooja-kodundusetehnoloogiaopetuseIIkooliastmeopitulemused.pdf\"><span style=\"font-family: 'times new roman', times, serif; font-size: 12pt;\">II kooliastme \u00f5pitulemused<\/span><\/a><\/p>\n<p><span style=\"font-family: 'times new roman', times, serif; font-size: 12pt;\"><a href=\"https:\/\/laiusepk.edu.ee\/wp-content\/uploads\/2025\/01\/Kasitooja-kodundus7.pdf\">K\u00e4sit\u00f6\u00f6 ja kodundus 7.klass<\/a><\/span><\/p>\n<p><span style=\"font-family: 'times new roman', times, serif; font-size: 12pt;\"><a href=\"https:\/\/laiusepk.edu.ee\/wp-content\/uploads\/2025\/01\/Kasitooja-kodundus8.pdf\">K\u00e4sit\u00f6\u00f6 ja kodundus 8.klass<\/a><\/span><\/p>\n<p><span style=\"font-family: 'times new roman', times, serif; font-size: 12pt;\"><a href=\"https:\/\/laiusepk.edu.ee\/wp-content\/uploads\/2025\/01\/Kasitooja-kodundus9.pdf\">K\u00e4sit\u00f6\u00f6 ja kodundus 9.klass<\/a><\/span><\/p>\n<p><span style=\"font-family: 'times new roman', times, serif; font-size: 12pt;\"><a href=\"https:\/\/laiusepk.edu.ee\/wp-content\/uploads\/2025\/01\/Kasitooja-kodundusetehnoloogiaopetuseIIkooliastmeopitulemused.pdf\">III kooliastme \u00f5pitulemused<\/a><\/span><\/p>\n<p><a href=\"https:\/\/laiusepk.edu.ee\/wp-content\/uploads\/2025\/01\/Tehnoloogiaoppeainekirjeldus.pdf\"><span style=\"font-family: 'times new roman', times, serif; font-size: 12pt;\">Tehnoloogia \u00f5ppeaine kirjeldus<\/span><\/a><\/p>\n<p><a href=\"https:\/\/laiusepk.edu.ee\/wp-content\/uploads\/2025\/01\/Tehnoloogia4-kl.pdf\"><span style=\"font-family: 'times new roman', times, serif; font-size: 12pt;\">Tehnoloogia 4.klass<\/span><\/a><\/p>\n<p><a href=\"https:\/\/laiusepk.edu.ee\/wp-content\/uploads\/2025\/01\/Tehnoloogia5kl.pdf\"><span style=\"font-family: 'times new roman', times, serif; font-size: 12pt;\">Tehnoloogia 5.klass<\/span><\/a><\/p>\n<p><a href=\"https:\/\/laiusepk.edu.ee\/wp-content\/uploads\/2025\/01\/Tehnoloogia6kl.pdf\"><span style=\"font-family: 'times new roman', times, serif; font-size: 12pt;\">Tehnoloogia 6.klass<\/span><\/a><\/p>\n<p><a href=\"https:\/\/laiusepk.edu.ee\/wp-content\/uploads\/2025\/01\/Tehnoloogia7kl.pdf\"><span style=\"font-family: 'times new roman', times, serif; font-size: 12pt;\">Tehnoloogia 7.klass<\/span><\/a><\/p>\n<p><a href=\"https:\/\/laiusepk.edu.ee\/wp-content\/uploads\/2025\/01\/Tehnoloogia8kl.pdf\"><span style=\"font-family: 'times new roman', times, serif; font-size: 12pt;\">Tehnoloogia 8.klass<\/span><\/a><\/p>\n<p><a href=\"https:\/\/laiusepk.edu.ee\/wp-content\/uploads\/2025\/01\/Tehnoloogia9kl.pdf\"><span style=\"font-family: 'times new roman', times, serif; font-size: 12pt;\">Tehnoloogia 9.klass<\/span><\/a><\/p>\n","protected":false},"excerpt":{"rendered":"<p>Tehnoloogiavaldkonna \u00fcldosa T\u00f6\u00f6\u00f5petuse \u00f5ppeaine kirjeldus T\u00f6\u00f6\u00f5petus 1.klass T\u00f6\u00f6\u00f5petus 2.klass T\u00f6\u00f6\u00f5petus 3.klass T\u00f6\u00f6\u00f5petuse I kooliastme \u00f5pitulemused K\u00e4sit\u00f6\u00f6 ja kodunduse \u00f5ppeaine kirjeldus K\u00e4sit\u00f6\u00f6 ja kodundus 4.klass K\u00e4sit\u00f6\u00f6 ja kodundus 5.klass K\u00e4sit\u00f6\u00f6 ja kodundus 6.klass II kooliastme \u00f5pitulemused K\u00e4sit\u00f6\u00f6 ja kodundus 7.klass K\u00e4sit\u00f6\u00f6 ja kodundus 8.klass K\u00e4sit\u00f6\u00f6 ja kodundus 9.klass III kooliastme \u00f5pitulemused Tehnoloogia \u00f5ppeaine kirjeldus Tehnoloogia 4.klass&hellip;<\/p>\n","protected":false},"author":1,"featured_media":0,"parent":0,"menu_order":0,"comment_status":"closed","ping_status":"closed","template":"","meta":{"_crdt_document":"","_uag_custom_page_level_css":"","footnotes":""},"class_list":["post-2681","page","type-page","status-publish","hentry"],"uagb_featured_image_src":{"full":false,"thumbnail":false,"medium":false,"medium_large":false,"large":false,"1536x1536":false,"2048x2048":false,"post-thumbnail":false},"uagb_author_info":{"display_name":"admin","author_link":"https:\/\/laiusepk.edu.ee\/?author=1"},"uagb_comment_info":0,"uagb_excerpt":"Tehnoloogiavaldkonna \u00fcldosa T\u00f6\u00f6\u00f5petuse \u00f5ppeaine kirjeldus T\u00f6\u00f6\u00f5petus 1.klass T\u00f6\u00f6\u00f5petus 2.klass T\u00f6\u00f6\u00f5petus 3.klass T\u00f6\u00f6\u00f5petuse I kooliastme \u00f5pitulemused K\u00e4sit\u00f6\u00f6 ja kodunduse \u00f5ppeaine kirjeldus K\u00e4sit\u00f6\u00f6 ja kodundus 4.klass K\u00e4sit\u00f6\u00f6 ja kodundus 5.klass K\u00e4sit\u00f6\u00f6 ja kodundus 6.klass II kooliastme \u00f5pitulemused K\u00e4sit\u00f6\u00f6 ja kodundus 7.klass K\u00e4sit\u00f6\u00f6 ja kodundus 8.klass K\u00e4sit\u00f6\u00f6 ja kodundus 9.klass III kooliastme \u00f5pitulemused Tehnoloogia \u00f5ppeaine kirjeldus Tehnoloogia 4.klass&hellip;","_links":{"self":[{"href":"https:\/\/laiusepk.edu.ee\/index.php?rest_route=\/wp\/v2\/pages\/2681","targetHints":{"allow":["GET"]}}],"collection":[{"href":"https:\/\/laiusepk.edu.ee\/index.php?rest_route=\/wp\/v2\/pages"}],"about":[{"href":"https:\/\/laiusepk.edu.ee\/index.php?rest_route=\/wp\/v2\/types\/page"}],"author":[{"embeddable":true,"href":"https:\/\/laiusepk.edu.ee\/index.php?rest_route=\/wp\/v2\/users\/1"}],"replies":[{"embeddable":true,"href":"https:\/\/laiusepk.edu.ee\/index.php?rest_route=%2Fwp%2Fv2%2Fcomments&post=2681"}],"version-history":[{"count":11,"href":"https:\/\/laiusepk.edu.ee\/index.php?rest_route=\/wp\/v2\/pages\/2681\/revisions"}],"predecessor-version":[{"id":3029,"href":"https:\/\/laiusepk.edu.ee\/index.php?rest_route=\/wp\/v2\/pages\/2681\/revisions\/3029"}],"wp:attachment":[{"href":"https:\/\/laiusepk.edu.ee\/index.php?rest_route=%2Fwp%2Fv2%2Fmedia&parent=2681"}],"curies":[{"name":"wp","href":"https:\/\/api.w.org\/{rel}","templated":true}]}}