{"id":2655,"date":"2024-11-08T10:28:03","date_gmt":"2024-11-08T08:28:03","guid":{"rendered":"https:\/\/laiusepk.edu.ee\/?page_id=2655"},"modified":"2025-10-28T08:51:58","modified_gmt":"2025-10-28T06:51:58","slug":"kunstiained","status":"publish","type":"page","link":"https:\/\/laiusepk.edu.ee\/?page_id=2655","title":{"rendered":"Kunstiained"},"content":{"rendered":"<p><a href=\"https:\/\/laiusepk.edu.ee\/wp-content\/uploads\/2025\/10\/Kunstiaineduldosa.pdf\"><span style=\"font-family: 'times new roman', times, serif; font-size: 12pt;\">Ainevaldkond &#8220;Kunstiained&#8221; \u00fcldosa<\/span><\/a><\/p>\n<p><a href=\"https:\/\/laiusepk.edu.ee\/wp-content\/uploads\/2025\/10\/Kunstiopetuskirjeldus.pdf\"><span style=\"font-family: 'times new roman', times, serif; font-size: 12pt;\">\u00a0Kunst \u00f5ppeaine kirjeldus<\/span><\/a><\/p>\n<p><a style=\"background-color: #ffffff;\" href=\"https:\/\/laiusepk.edu.ee\/wp-content\/uploads\/2025\/10\/1.-kl-kunsti-ainekava-2024.pdf\"><span style=\"font-family: 'times new roman', times, serif; font-size: 12pt;\">Kunsti\u00f5petus 1.klass<\/span><\/a><\/p>\n<p><a href=\"https:\/\/laiusepk.edu.ee\/wp-content\/uploads\/2025\/10\/2.-kl-kunsti-ainekava-2024.pdf\"><span style=\"font-family: 'times new roman', times, serif; font-size: 12pt;\">Kunsti\u00f5petus 2.klass<\/span><\/a><\/p>\n<p><a href=\"https:\/\/laiusepk.edu.ee\/wp-content\/uploads\/2025\/10\/3.-kl-kunsti-ainekava-2024.pdf\"><span style=\"font-family: 'times new roman', times, serif; font-size: 12pt;\">Kunsti\u00f5petus 3.klass<\/span><\/a><\/p>\n<p><span style=\"font-family: 'times new roman', times, serif; font-size: 12pt;\"><a href=\"https:\/\/laiusepk.edu.ee\/wp-content\/uploads\/2025\/10\/4.-kl-kunsti-ainekava-2024.pdf\">Kunsti\u00f5petus 4.klas<\/a>s<\/span><\/p>\n<p><a href=\"https:\/\/laiusepk.edu.ee\/wp-content\/uploads\/2024\/11\/LaiuseKunst5.pdf\"><span style=\"font-family: 'times new roman', times, serif; font-size: 12pt;\">Kunsti\u00f5petus 5.klass<\/span><\/a><\/p>\n<p><span style=\"font-family: 'times new roman', times, serif; font-size: 12pt;\"><a href=\"https:\/\/laiusepk.edu.ee\/wp-content\/uploads\/2024\/11\/LaiuseKunst6.pdf\">Kunsti\u00f5petus 6.klass<\/a><\/span><\/p>\n<p><span style=\"font-family: 'times new roman', times, serif; font-size: 12pt;\"><a href=\"https:\/\/laiusepk.edu.ee\/wp-content\/uploads\/2024\/11\/KunstiopitulemusedIIkooliaste.pdf\">II kooliastme \u00f5pitulemused<\/a><\/span><\/p>\n<p><span style=\"font-family: 'times new roman', times, serif; font-size: 12pt;\"><a href=\"https:\/\/laiusepk.edu.ee\/wp-content\/uploads\/2024\/11\/LaiuseKunst7.pdf\">Kunsti\u00f5petus 7.klass<\/a><\/span><\/p>\n<p><span style=\"font-family: 'times new roman', times, serif; font-size: 12pt;\"><a href=\"https:\/\/laiusepk.edu.ee\/wp-content\/uploads\/2024\/11\/LaiuseKunst8.pdf\">Kunsti\u00f5petus 8.klass<\/a><\/span><\/p>\n<p><span style=\"font-family: 'times new roman', times, serif; font-size: 12pt;\"><a href=\"https:\/\/laiusepk.edu.ee\/wp-content\/uploads\/2024\/11\/LaiuseKunst9.pdf\">Kunsti\u00f5petus 9.klass<\/a><\/span><\/p>\n<p><span style=\"font-family: 'times new roman', times, serif; font-size: 12pt;\"><a href=\"https:\/\/laiusepk.edu.ee\/wp-content\/uploads\/2024\/11\/KunstiopitulemusedIIIkooliaste.pdf\">III kooliastme \u00f5pitulemused<\/a><\/span><\/p>\n<p><a href=\"https:\/\/laiusepk.edu.ee\/wp-content\/uploads\/2024\/11\/Muusika_1_klass.pdf\"><span style=\"font-family: 'times new roman', times, serif; font-size: 12pt;\">Muusika 1.klass<\/span><\/a><\/p>\n<p><span style=\"font-family: 'times new roman', times, serif; font-size: 12pt;\"><a href=\"https:\/\/laiusepk.edu.ee\/wp-content\/uploads\/2024\/11\/Muusika_2_klass.pdf\">Muusika 2.klass<\/a><\/span><\/p>\n<p><span style=\"font-family: 'times new roman', times, serif; font-size: 12pt;\"><a href=\"https:\/\/laiusepk.edu.ee\/wp-content\/uploads\/2024\/11\/Muusika_3_klass.pdf\">Muusika 3.klass<\/a><\/span><\/p>\n<p><span style=\"font-family: 'times new roman', times, serif; font-size: 12pt;\"><a href=\"https:\/\/laiusepk.edu.ee\/wp-content\/uploads\/2024\/11\/Muusika_4_klass.pdf\">Muusika 4.klass<\/a><\/span><\/p>\n<p><span style=\"font-family: 'times new roman', times, serif; font-size: 12pt;\"><a href=\"https:\/\/laiusepk.edu.ee\/wp-content\/uploads\/2024\/11\/Muusika_5_klass.pdf\">Muusika 5.klass<\/a><\/span><\/p>\n<p><span style=\"font-family: 'times new roman', times, serif; font-size: 12pt;\"><a href=\"https:\/\/laiusepk.edu.ee\/wp-content\/uploads\/2024\/11\/Muusika_6_klass.pdf\">Muusika 6.klass<\/a><\/span><\/p>\n<p><span style=\"font-family: 'times new roman', times, serif; font-size: 12pt;\"><a href=\"https:\/\/laiusepk.edu.ee\/wp-content\/uploads\/2024\/11\/Muusika_7_klass.pdf\">Muusika 7.klass<\/a><\/span><\/p>\n<p><span style=\"font-family: 'times new roman', times, serif; font-size: 12pt;\"><a href=\"https:\/\/laiusepk.edu.ee\/wp-content\/uploads\/2024\/11\/Muusika_8_klass.pdf\">Muusika 8.klass<\/a><\/span><\/p>\n<p><span style=\"font-family: 'times new roman', times, serif; font-size: 12pt;\"><a href=\"https:\/\/laiusepk.edu.ee\/wp-content\/uploads\/2024\/11\/Muusika_9_klass.pdf\">Muusika 9.klass<\/a><\/span><\/p>\n","protected":false},"excerpt":{"rendered":"<p>Ainevaldkond &#8220;Kunstiained&#8221; \u00fcldosa \u00a0Kunst \u00f5ppeaine kirjeldus Kunsti\u00f5petus 1.klass Kunsti\u00f5petus 2.klass Kunsti\u00f5petus 3.klass Kunsti\u00f5petus 4.klass Kunsti\u00f5petus 5.klass Kunsti\u00f5petus 6.klass II kooliastme \u00f5pitulemused Kunsti\u00f5petus 7.klass Kunsti\u00f5petus 8.klass Kunsti\u00f5petus 9.klass III kooliastme \u00f5pitulemused Muusika 1.klass Muusika 2.klass Muusika 3.klass Muusika 4.klass Muusika 5.klass Muusika 6.klass Muusika 7.klass Muusika 8.klass Muusika 9.klass<\/p>\n","protected":false},"author":1,"featured_media":0,"parent":0,"menu_order":0,"comment_status":"closed","ping_status":"closed","template":"","meta":{"_crdt_document":"","_uag_custom_page_level_css":"","footnotes":""},"class_list":["post-2655","page","type-page","status-publish","hentry"],"uagb_featured_image_src":{"full":false,"thumbnail":false,"medium":false,"medium_large":false,"large":false,"1536x1536":false,"2048x2048":false,"post-thumbnail":false},"uagb_author_info":{"display_name":"admin","author_link":"https:\/\/laiusepk.edu.ee\/?author=1"},"uagb_comment_info":0,"uagb_excerpt":"Ainevaldkond &#8220;Kunstiained&#8221; \u00fcldosa \u00a0Kunst \u00f5ppeaine kirjeldus Kunsti\u00f5petus 1.klass Kunsti\u00f5petus 2.klass Kunsti\u00f5petus 3.klass Kunsti\u00f5petus 4.klass Kunsti\u00f5petus 5.klass Kunsti\u00f5petus 6.klass II kooliastme \u00f5pitulemused Kunsti\u00f5petus 7.klass Kunsti\u00f5petus 8.klass Kunsti\u00f5petus 9.klass III kooliastme \u00f5pitulemused Muusika 1.klass Muusika 2.klass Muusika 3.klass Muusika 4.klass Muusika 5.klass Muusika 6.klass Muusika 7.klass Muusika 8.klass Muusika 9.klass","_links":{"self":[{"href":"https:\/\/laiusepk.edu.ee\/index.php?rest_route=\/wp\/v2\/pages\/2655","targetHints":{"allow":["GET"]}}],"collection":[{"href":"https:\/\/laiusepk.edu.ee\/index.php?rest_route=\/wp\/v2\/pages"}],"about":[{"href":"https:\/\/laiusepk.edu.ee\/index.php?rest_route=\/wp\/v2\/types\/page"}],"author":[{"embeddable":true,"href":"https:\/\/laiusepk.edu.ee\/index.php?rest_route=\/wp\/v2\/users\/1"}],"replies":[{"embeddable":true,"href":"https:\/\/laiusepk.edu.ee\/index.php?rest_route=%2Fwp%2Fv2%2Fcomments&post=2655"}],"version-history":[{"count":6,"href":"https:\/\/laiusepk.edu.ee\/index.php?rest_route=\/wp\/v2\/pages\/2655\/revisions"}],"predecessor-version":[{"id":3025,"href":"https:\/\/laiusepk.edu.ee\/index.php?rest_route=\/wp\/v2\/pages\/2655\/revisions\/3025"}],"wp:attachment":[{"href":"https:\/\/laiusepk.edu.ee\/index.php?rest_route=%2Fwp%2Fv2%2Fmedia&parent=2655"}],"curies":[{"name":"wp","href":"https:\/\/api.w.org\/{rel}","templated":true}]}}