{"id":2565,"date":"2024-11-06T13:06:31","date_gmt":"2024-11-06T11:06:31","guid":{"rendered":"https:\/\/laiusepk.edu.ee\/?page_id=2565"},"modified":"2025-01-20T11:28:09","modified_gmt":"2025-01-20T09:28:09","slug":"loodusained-2","status":"publish","type":"page","link":"https:\/\/laiusepk.edu.ee\/?page_id=2565","title":{"rendered":"Loodusained"},"content":{"rendered":"<p><a href=\"https:\/\/laiusepk.edu.ee\/wp-content\/uploads\/2024\/11\/Ainevaldkond_Loodusained.pdf\"><span style=\"font-family: 'times new roman', times, serif; font-size: 12pt;\">\u00dcldosa<\/span><\/a><\/p>\n<p><span style=\"font-family: 'times new roman', times, serif; font-size: 12pt;\"><a href=\"https:\/\/laiusepk.edu.ee\/?page_id=2544\">Loodus\u00f5petus<\/a><\/span><\/p>\n<p><a href=\"https:\/\/laiusepk.edu.ee\/?page_id=2788\"><span style=\"font-family: 'times new roman', times, serif; font-size: 12pt;\">Bioloogia<\/span><\/a><\/p>\n<p><a href=\"https:\/\/laiusepk.edu.ee\/?page_id=2570\"><span style=\"font-family: 'times new roman', times, serif; font-size: 12pt;\">Geograafia<\/span><\/a><\/p>\n<p><a href=\"https:\/\/laiusepk.edu.ee\/?page_id=2801\"><span style=\"font-family: 'times new roman', times, serif; font-size: 12pt;\">F\u00fc\u00fcsika<\/span><\/a><\/p>\n<p><a href=\"https:\/\/laiusepk.edu.ee\/?page_id=2795\"><span style=\"font-family: 'times new roman', times, serif; font-size: 12pt;\">Keemia<\/span><\/a><\/p>\n","protected":false},"excerpt":{"rendered":"<p>\u00dcldosa Loodus\u00f5petus Bioloogia Geograafia F\u00fc\u00fcsika Keemia<\/p>\n","protected":false},"author":1,"featured_media":0,"parent":0,"menu_order":0,"comment_status":"closed","ping_status":"closed","template":"","meta":{"_crdt_document":"","_uag_custom_page_level_css":"","footnotes":""},"class_list":["post-2565","page","type-page","status-publish","hentry"],"uagb_featured_image_src":{"full":false,"thumbnail":false,"medium":false,"medium_large":false,"large":false,"1536x1536":false,"2048x2048":false,"post-thumbnail":false},"uagb_author_info":{"display_name":"admin","author_link":"https:\/\/laiusepk.edu.ee\/?author=1"},"uagb_comment_info":0,"uagb_excerpt":"\u00dcldosa Loodus\u00f5petus Bioloogia Geograafia F\u00fc\u00fcsika Keemia","_links":{"self":[{"href":"https:\/\/laiusepk.edu.ee\/index.php?rest_route=\/wp\/v2\/pages\/2565","targetHints":{"allow":["GET"]}}],"collection":[{"href":"https:\/\/laiusepk.edu.ee\/index.php?rest_route=\/wp\/v2\/pages"}],"about":[{"href":"https:\/\/laiusepk.edu.ee\/index.php?rest_route=\/wp\/v2\/types\/page"}],"author":[{"embeddable":true,"href":"https:\/\/laiusepk.edu.ee\/index.php?rest_route=\/wp\/v2\/users\/1"}],"replies":[{"embeddable":true,"href":"https:\/\/laiusepk.edu.ee\/index.php?rest_route=%2Fwp%2Fv2%2Fcomments&post=2565"}],"version-history":[{"count":7,"href":"https:\/\/laiusepk.edu.ee\/index.php?rest_route=\/wp\/v2\/pages\/2565\/revisions"}],"predecessor-version":[{"id":2803,"href":"https:\/\/laiusepk.edu.ee\/index.php?rest_route=\/wp\/v2\/pages\/2565\/revisions\/2803"}],"wp:attachment":[{"href":"https:\/\/laiusepk.edu.ee\/index.php?rest_route=%2Fwp%2Fv2%2Fmedia&parent=2565"}],"curies":[{"name":"wp","href":"https:\/\/api.w.org\/{rel}","templated":true}]}}