{"id":1352,"date":"2020-10-23T10:26:39","date_gmt":"2020-10-23T08:26:39","guid":{"rendered":"https:\/\/laiusepk.edu.ee\/?page_id=1352"},"modified":"2022-05-24T12:04:11","modified_gmt":"2022-05-24T10:04:11","slug":"2019-a","status":"publish","type":"page","link":"https:\/\/laiusepk.edu.ee\/?page_id=1352","title":{"rendered":"2019. a."},"content":{"rendered":"<p><span style=\"font-family: 'times new roman', times, serif; font-size: 12pt;\">Ranel Kase<\/span><\/p>\n<p><span style=\"font-family: 'times new roman', times, serif; font-size: 12pt;\">Raido Kops<\/span><\/p>\n<p><span style=\"font-family: 'times new roman', times, serif; font-size: 12pt;\">Kairi Kumpas<\/span><\/p>\n<p><span style=\"font-family: 'times new roman', times, serif; font-size: 12pt;\">Kauri K\u00e4\u00e4r<\/span><\/p>\n<p><span style=\"font-family: 'times new roman', times, serif; font-size: 12pt;\">Samantha L\u00f5hmus<\/span><\/p>\n<p><span style=\"font-family: 'times new roman', times, serif; font-size: 12pt;\">\u00d5nnely Ozol<\/span><\/p>\n<p><span style=\"font-family: 'times new roman', times, serif; font-size: 12pt;\">Gerdo Vaikm\u00e4e<\/span><\/p>\n<p><span style=\"font-family: 'times new roman', times, serif; font-size: 12pt;\">Annaliisa V\u00e4ljaots<\/span><\/p>\n<p><span style=\"font-family: 'times new roman', times, serif; font-size: 12pt;\">Klassijuhataja: Helge Maripuu<\/span><\/p>\n","protected":false},"excerpt":{"rendered":"<p>Ranel Kase Raido Kops Kairi Kumpas Kauri K\u00e4\u00e4r Samantha L\u00f5hmus \u00d5nnely Ozol Gerdo Vaikm\u00e4e Annaliisa V\u00e4ljaots Klassijuhataja: Helge Maripuu<\/p>\n","protected":false},"author":1,"featured_media":0,"parent":0,"menu_order":0,"comment_status":"closed","ping_status":"closed","template":"","meta":{"_crdt_document":"","_uag_custom_page_level_css":"","footnotes":""},"class_list":["post-1352","page","type-page","status-publish","hentry"],"uagb_featured_image_src":{"full":false,"thumbnail":false,"medium":false,"medium_large":false,"large":false,"1536x1536":false,"2048x2048":false,"post-thumbnail":false},"uagb_author_info":{"display_name":"admin","author_link":"https:\/\/laiusepk.edu.ee\/?author=1"},"uagb_comment_info":0,"uagb_excerpt":"Ranel Kase Raido Kops Kairi Kumpas Kauri K\u00e4\u00e4r Samantha L\u00f5hmus \u00d5nnely Ozol Gerdo Vaikm\u00e4e Annaliisa V\u00e4ljaots Klassijuhataja: Helge Maripuu","_links":{"self":[{"href":"https:\/\/laiusepk.edu.ee\/index.php?rest_route=\/wp\/v2\/pages\/1352","targetHints":{"allow":["GET"]}}],"collection":[{"href":"https:\/\/laiusepk.edu.ee\/index.php?rest_route=\/wp\/v2\/pages"}],"about":[{"href":"https:\/\/laiusepk.edu.ee\/index.php?rest_route=\/wp\/v2\/types\/page"}],"author":[{"embeddable":true,"href":"https:\/\/laiusepk.edu.ee\/index.php?rest_route=\/wp\/v2\/users\/1"}],"replies":[{"embeddable":true,"href":"https:\/\/laiusepk.edu.ee\/index.php?rest_route=%2Fwp%2Fv2%2Fcomments&post=1352"}],"version-history":[{"count":3,"href":"https:\/\/laiusepk.edu.ee\/index.php?rest_route=\/wp\/v2\/pages\/1352\/revisions"}],"predecessor-version":[{"id":1763,"href":"https:\/\/laiusepk.edu.ee\/index.php?rest_route=\/wp\/v2\/pages\/1352\/revisions\/1763"}],"wp:attachment":[{"href":"https:\/\/laiusepk.edu.ee\/index.php?rest_route=%2Fwp%2Fv2%2Fmedia&parent=1352"}],"curies":[{"name":"wp","href":"https:\/\/api.w.org\/{rel}","templated":true}]}}